1024*o**2 - 6451*o - 10159. Determine j(-3).
5
Let c(k) = -2*k**3 - 273*k**2 - 7866*k - 1438. Give c(-41).
-3
Let l(r) = -10*r**2 - 384*r - 3561. What is l(-23)?
-19
Let p(g) = 20958*g - 2095862. Give p(100).
-62
Let m(i) = -i**3 - 73*i**2 - 777*i + 2895. Calculate m(-59).
4
Let d(s) = -s**2 + 1572*s - 20279. Give d(13).
-12
Let d(x) = -54*x + 6363. Determine d(136).
-981
Let v(z) = z**3 - 261*z**2 + 146*z - 38310. Calculate v(261).
-204
Let y(t) = -t**2 + 45302*t + 1859111. Calculate y(-41).
48
Let h(z) = -z**3 + 123*z**2 - 1798*z + 204473. What is h(122)?
1
Let f(i) = -3*i**2 - 1427*i + 725189. Calculate f(-784).
-11
Let s(d) = 725*d + 29391. What is s(-47)?
-4684
Let y(g) = -3*g**3 + 77*g**2 + 223*g + 1733. Determine y(29).
-210
Let d(x) = x**3 - x**2 - x + 94. Calculate d(-7).
-291
Let b(m) = m**2 + 2177*m + 68530. Give b(-32).
-110
Let k(u) = -18118*u - 144968. What is k(-8)?
-24
Let t(z) = 188*z + 61930. What is t(-325)?
830
Let r(c) = c**2 - 4068*c - 416799. Determine r(-100).
1
Let i(q) = q**2 + 1301*q - 19750. Determine i(15).
-10
Let f(x) = -x**2 + 28*x - 176. What is f(10)?
4
Let u(r) = -r**3 + 270*r**2 + 9302*r + 8768. What is u(301)?
39
Let f(g) = -2*g**2 - 240*g + 21128. What is f(59)?
6
Let j(p) = p**2 - 123*p + 3432. What is j(77)?
-110
Let s(m) = -m**3 - 19*m**2 + 28*m + 1002. What is s(-8)?
74
Let f(x) = -192*x + 3282. Calculate f(14).
594
Let b(r) = r**3 - 6*r**2 + 198057*r - 1188337. Calculate b(6).
5
Let r(m) = 2*m**2 + 9253*m - 983948. Determine r(104).
-4
Let x(q) = -6*q**3 + 43*q**2 + 58*q - 227. Determine x(8).
-83
Let s(u) = -u**3 - 14*u**2 - 139*u - 2852. Give s(-16).
-116
Let k(f) = 2*f**3 - 41*f**2 + 954*f - 22551. Give k(22).
-111
Let s(d) = -d**3 - 9*d**2 + 260*d + 2537. Give s(-9).
197
Let v(k) = -k**3 - 6*k**2 - 29*k - 222. What is v(-7)?
30
Let m(n) = -n**3 - 10*n**2 + 54*n + 722. Give m(-12).
362
Let y(f) = -f**2 - 1559*f + 162384. Give y(98).
-2
Let o(z) = -4*z**2 + 65280*z - 913126. What is o(14)?
10
Let v(o) = 234*o**3 + 2*o**2 - 36*o - 24. Give v(0).
-24
Let s(u) = 2*u**2 - 1848*u + 21915. Determine s(12).
27
Let s(d) = 38*d**2 + 1139*d + 1125. Give s(-1).
24
Let t(v) = -5746*v + 246829. Calculate t(43).
-249
Let v(n) = -75*n**2 + 15571*n - 31146. What is v(2)?
-304
Let g(t) = -5*t**2 + 45*t - 365. Determine g(7).
-295
Let p(y) = 7*y**2 + 106*y + 287. Determine p(-9).
-100
Let x(f) = 2171*f - 25868. Calculate x(12).
184
Let h(q) = -11*q**3 - 31*q**2 - 157*q - 625. Calculate h(-4).
211
Let t(a) = -11*a**2 + 852*a - 20. Determine t(0).
-20
Let v(q) = 82*q**2 + 3006*q - 25050. Calculate v(7).
10
Let q(k) = 190354*k - 571195. Calculate q(3).
-133
Let q(s) = 80*s - 2837. Give q(26).
-757
Let v(i) = -224*i + 7805. Determine v(36).
-259
Let l(d) = 8*d**3 + 2242*d**2 - 3948*d + 171. Give l(-282).
171
Let d(c) = -1237*c + 160823. Calculate d(130).
13
Let i(p) = -p**3 + 264*p**2 - 514*p - 2524. What is i(262)?
96
Let d(l) = -124*l**2 - 725*l + 48. Determine d(-6).
-66
Let f(k) = -2*k**3 - 59*k**2 + 231*k + 8871. Calculate f(-28).
51
Let r(s) = -529*s**2 - 1621*s - 151. Determine r(-3).
-49
Let m(v) = v**3 - 109*v**2 - 8615*v + 4694. Calculate m(162).
-4
Let v(l) = -7993*l + 10927. Determine v(2).
-5059
Let z(t) = 2*t**2 + 868*t + 67252. Give z(-101).
-14
Let y(t) = t**3 - 9*t**2 - 2053*t + 22349. Determine y(11).
8
Let v(p) = 103*p - 14692. Calculate v(140).
-272
Let t(p) = 3*p**3 - 80*p**2 - 369*p + 9095. Give t(27).
-139
Let b(x) = 43*x**2 - 404*x - 72. What is b(8)?
-552
Let m(k) = 121853*k + 8042306. What is m(-66)?
8
Let f(c) = -5*c**2 + 339*c - 4408. Determine f(18).
74
Let q(u) = 19515*u + 17641559. What is q(-904)?
-1
Let k(v) = v**3 - 52*v**2 + 617*v + 1544. Give k(28).
4
Let w(h) = -107*h + 15221. Determine w(142).
27
Let o(x) = -7333*x - 491330. Determine o(-67).
-19
Let w(d) = -d**3 - 4*d**2 - 10697*d - 64218. Calculate w(-6).
36
Let p(q) = q**3 + 28*q**2 - 566*q - 1425. What is p(-41)?
-72
Let p(c) = -1511*c**2 - 47*c - 2. Determine p(-1).
-1466
Let j(x) = 6*x**2 + 157*x + 610. What is j(-23)?
173
Let n(z) = -6496*z - 5560591. Calculate n(-856).
-15
Let h(q) = 3*q**3 - 487*q**2 + 203*q - 6653. Calculate h(162).
-11
Let x(u) = u**2 - 58089*u - 406615. What is x(-7)?
57
Let y(n) = 8*n**3 - 825*n**2 - 706*n - 2227. Calculate y(104).
61
Let f(k) = -10*k**2 + 80*k + 15845. What is f(-36)?
5
Let i(y) = -2*y**2 + 18478*y - 147719. What is i(8)?
-23
Let t(s) = -s**2 - 5318*s + 37231. Give t(7).
-44
Let s(o) = -o**2 - 36*o - 147. Calculate s(-39).
-264
Let t(z) = z**3 + 18*z**2 - 27*z - 1189. Determine t(-13).
7
Let x(m) = 27*m**3 - 433*m**2 - 4*m - 139. What is x(16)?
-459
Let q(n) = -n**2 - 1232*n + 12404. Determine q(10).
-16
Let q(z) = -2*z**2 + 116*z + 2829. Calculate q(-16).
461
Let d(a) = -78*a - 233. Give d(-14).
859
Let o(y) = y**2 + 18067*y - 126493. Calculate o(7).
25
Let y(f) = f**3 + 482*f**2 + 1595*f + 304824. Give y(-480).
24
Let v(f) = f**2 + 5492*f + 282898. What is v(-52)?
18
Let l(u) = u**3 - 349*u**2 - 680*u - 7542. Determine l(351).
180
Let v(b) = -19700*b - 492578. Give v(-25).
-78
Let k(y) = -11*y**2 - 1322*y + 512658. What is k(164)?
-6
Let h(k) = -3*k**3 + 55*k**2 - 86*k + 1234. Give h(18).
10
Let m(l) = -7*l**2 + 11*l - 36. Calculate m(8).
-396
Let q(l) = -3*l**2 + 98*l + 483. Determine q(-8).
-493
Let n(k) = -151*k**2 + 10937*k - 15341. Give n(71).
-5
Let o(t) = -75*t**2 + 1532*t - 2359. Determine o(19).
-326
Let w(u) = 17*u**3 - 2279*u**2 + 147*u - 432. Determine w(134).
1310
Let w(u) = 3*u**3 - 324*u**2 - 537*u + 58015. Calculate w(108).
19
Let w(c) = -722*c + 32493. Calculate w(45).
3
Let c(d) = -d**3 + 46*d**2 + 153*d - 905. Give c(-6).
49
Let r(f) = -7*f**2 - 762*f + 1644. Give r(-111).
-21
Let m(y) = y**3 - 12*y**2 + 360*y - 3401. Give m(10).
-1
Let q(z) = -z**3 + 100*z**2 - 93*z - 946. Calculate q(99).
-352
Let l(x) = 3*x**3 - 2858*x**2 + 998*x + 862526. Give l(952).
14
Let c(m) = 29*m**2 - 2442*m + 138. Determine c(85).
2093
Let w(c) = c**3 + 42*c**2 - 56*c - 1108. Determine w(-42).
1244
Let f(m) = m**2 + 852*m + 169570. Calculate f(-317).
-25
Let i(o) = o**3 - 82*o**2 - 802*o - 1203. What is i(91)?
344
Let n(s) = 135*s**2 - 785*s - 12. What is n(5)?
-562
Let f(o) = -2*o**3 + 28*o**2 + 1427*o - 38. Determine f(-21).
865
Let i(f) = -f**3 + 2*f**2 + 45*f - 478. What is i(0)?
-478
Let t(q) = 931*q**2 + 49958*q - 17047. What is t(-54)?
17
Let h(s) = 25583*s + 51231. Calculate h(-2).
65
Let w(f) = -4*f**3 + 35*f**2 - 28*f + 18. Give w(8).
-14
Let j(b) = b**3 + 21*b**2 - 262*b - 5688. Give j(-20).
-48
Let m(w) = 70*w**2 - 54598*w - 1614. Calculate m(780).
-54
Let r(o) = 2603*o + 11519. Determine r(-4).
1107
Let o(q) = 12*q**2 - 62*q - 296. Determine o(-6).
508
Let x(l) = -2*l**3 + 404*l**2 - 401*l - 690. Give x(201).
-489
Let l(o) = -517124*o + 11376746. What is l(22)?
18
Let y(q) = q**2 + 566*q + 79220. Give y(-251).
155
Let s(y) = y**3 - 109*y**2 - 21845*y - 916. Give s(-103).
11
Let l(r) = r**3 - 16*r**2 - 184*r + 2005. Give l(8).
21
Let h(p) = 33239*p + 4221350. Calculate h(-127).
-3
Let a(o) = -2*o**2 + 682*o - 51551. Calculate a(226).
429
Let z(k) = -k**3 - 17*k**2 + 244*k + 4002. Give z(-15).
-108
Let l(c) = 4*c**2 - 668*c + 13734. Calculate l(24).
6
Let i(g) = -g**3 + 18*g**2 - 109*g + 2375. Determine i(19).
-57
Let v(d) = -25731*d + 2495948. What is v(97)?
41
Let s(y) = -6*y**2 + 537*y - 3829. Calculate s(7).
-364
Let v(i) = -2*i**3 + 12*i**2 + 646*i - 7058. Give v(11).
-1162
Let x(j) = -10*j**2 - 233*j - 1297. What is x(-15)?
-52
Let x(c) = -155*c - 12831. Determine x(-77).
-896
Let n(u) = 7633*u + 320800. What is n(-42)?
214
Let u(w) = 10*w**2 - 1900*w + 9469. Determine u(5).
219
Let u(q) = 211*q - 4761. Determine u(19).
-752
Let y(n) = -185652*n + 3341736. Calculate y(18).
0
Let m(j) = -7*j**3 - 21*j**2 - 30*j - 136. Determine m(-7).
1446
Let m(h) = -4109*h - 403. Give m(0).
-403
Let r(x) = 2*x**2 - 409*x - 126239. What is r(-169)?
4
Let u(a) = 41*a**2 + 429*a - 775. Determine u(-12).
-19
Let j(b) = b**3 - 29*b**2 - 1511*b + 39. Give j(-27).
12
Let r(v) = -74621*v + 4104146. What is r(55)?
-9
Let a(u) = 47*u**2 + 675*u + 2041. Give a(-3).
439
Let c(x) = 58*x**3 - 1099*x**2 + 69*x - 2390. What is c(19)?
4
Let n(a) = 50*a**2 + 314*a + 561. Determine n(-6).
477
Let s(k